 factors of 7623217892?
2, 37, 51508229
What are the prime factors of 753601860?
2, 3, 5, 11, 293, 433
List the prime factors of 23618562.
2, 3, 11, 23, 15559
What are the prime factors of 11171900?
2, 5, 47, 2377
List the prime factors of 10498380.
2, 3, 5, 37, 4729
What are the prime factors of 2062983?
3, 13, 313
List the prime factors of 84556571.
11, 53, 145037
List the prime factors of 2881784174.
2, 661, 2179867
What are the prime factors of 2532890689?
7, 361841527
List the prime factors of 76396624.
2, 139, 34351
What are the prime factors of 502192295?
5, 11, 907, 10067
What are the prime factors of 328948628?
2, 89, 103, 8971
List the prime factors of 216073292.
2, 54018323
List the prime factors of 103294123.
103294123
What are the prime factors of 28275692?
2, 17, 415819
List the prime factors of 7922614.
2, 7, 11549
What are the prime factors of 112055602?
2, 17, 3295753
List the prime factors of 1331957744.
2, 13, 6403643
List the prime factors of 4745772423.
3, 7, 31, 83, 3253
What are the prime factors of 4119315645?
3, 5, 17, 661, 24439
List the prime factors of 844379555.
5, 167, 1011233
List the prime factors of 1075343202.
2, 3, 6637921
What are the prime factors of 5651417003?
137, 41251219
List the prime factors of 19476727.
97, 199, 1009
List the prime factors of 111736028.
2, 31, 901097
What are the prime factors of 241819582?
2, 120909791
List the prime factors of 145624242.
2, 3, 2953, 8219
List the prime factors of 518310169.
13, 39870013
What are the prime factors of 107672765?
5, 31, 41, 16943
List the prime factors of 1223515100.
2, 5, 12235151
List the prime factors of 7781074697.
11, 241, 2935147
What are the prime factors of 32646851?
17, 1920403
What are the prime factors of 619846382?
2, 309923191
List the prime factors of 384086938.
2, 19, 379, 26669
List the prime factors of 345818265.
3, 5, 13, 647, 2741
What are the prime factors of 84331859?
677, 124567
What are the prime factors of 248543649?
3, 27615961
List the prime factors of 453264532.
2, 7, 19, 163, 5227
What are the prime factors of 581600794?
2, 4729, 61493
What are the prime factors of 4248540630?
2, 3, 5, 47206007
List the prime factors of 111388388.
2, 347, 80251
List the prime factors of 499732888.
2, 73, 149, 5743
List the prime factors of 626251044.
2, 3, 1811, 28817
List the prime factors of 5669022651.
3, 1951, 968567
What are the prime factors of 160798529?
17, 193, 49009
What are the prime factors of 3903374874?
2, 3, 7, 9199, 10103
What are the prime factors of 2565626992?
2, 43, 3729109
List the prime factors of 135745493.
13, 17, 563, 1091
List the prime factors of 2304727.
2304727
What are the prime factors of 69495287?
37, 41, 61, 751
List the prime factors of 402297775.
5, 11, 17, 7823
List the prime factors of 126814850.
2, 5, 839, 3023
List the prime factors of 6388314828.
2, 3, 7, 683, 15907
List the prime factors of 389490152.
2, 59, 825191
What are the prime factors of 37046994?
2, 3, 43, 143593
List the prime factors of 29714685.
3, 5, 7, 11, 13, 1979
List the prime factors of 142553984.
2, 1113703
List the prime factors of 821665822.
2, 410832911
What are the prime factors of 1449809075?
5, 11, 13, 405541
What are the prime factors of 94124698?
2, 5153, 9133
List the prime factors of 226235796.
2, 3, 17, 1108999
What are the prime factors of 55947410?
2, 5, 5594741
List the prime factors of 5368361249.
1327, 1879, 2153
What are the prime factors of 6292494556?
2, 19, 2239, 36979
List the prime factors of 263043245.
5, 353, 149033
List the prime factors of 731517856.
2, 61, 374753
List the prime factors of 281482428.
2, 3, 1877, 12497
What are the prime factors of 490127683?
490127683
List the prime factors of 345692391.
3, 11, 10475527
List the prime factors of 350882246.
2, 11, 13, 1226861
What are the prime factors of 55028626?
2, 17, 1618489
List the prime factors of 486227849.
509, 955261
What are the prime factors of 1002832275?
3, 5, 37, 389, 929
What are the prime factors of 54389447?
7, 383, 20287
List the prime factors of 49461736.
2, 6182717
What are the prime factors of 687102444?
2, 3, 7, 1117, 2441
What are the prime factors of 149967272?
2, 7, 13, 113, 1823
What are the prime factors of 80543371?
181, 479, 929
List the prime factors of 115803701.
13, 641, 1069
List the prime factors of 1224279614.
2, 277, 2209891
List the prime factors of 1194058782.
2, 3, 7, 47, 163, 1237
What are the prime factors of 3651609016?
2, 11, 3593, 11549
What are the prime factors of 5595225876?
2, 3, 43, 79, 101, 151
List the prime factors of 25279427.
25279427
List the prime factors of 1410338641.
151, 1123, 8317
What are the prime factors of 674369126?
2, 5897, 57179
What are the prime factors of 601866440?
2, 5, 7, 107, 20089
List the prime factors of 2498796315.
3, 5, 55528807
What are the prime factors of 1942507923?
3, 647502641
What are the prime factors of 1323873331?
11, 173, 695677
List the prime factors of 69929610.
2, 3, 5, 43, 151, 359
What are the prime factors of 14261599?
11, 457, 2837
What are the prime factors of 2326726833?
3, 19, 37, 1103237
List the prime factors of 145627057.
31, 151537
List the prime factors of 687468916.
2, 17, 2293, 4409
List the prime factors of 614444520.
2, 3, 5, 5120371
What are the prime factors of 159969717?
3, 47, 378179
List the prime factors of 738408230.
2, 5, 7, 10548689
List the prime factors of 6049109.
11, 79, 6961
What are the prime factors of 3979170290?
2, 5, 607, 655547
List the prime factors of 31802195.
5, 709, 8971
List the prime factors of 418339376.
2, 7, 13, 287321
List the prime factors of 68643466.
2, 19, 1806407
What are the prime factors of 8541510405?
3, 5, 569434027
List the prime factors of 33733860.
2, 3, 5, 562231
List the prime factors of 67173204.
2, 3, 7, 37, 21613
What are the prime factors of 27230402?
2, 409, 33289
What are the prime factors of 45988424?
2, 5748553
List the prime factors of 60686819.
60686819
List the prime factors of 89628839.
8807, 10177
What are the prime factors of 907476626?
2, 7, 17, 61, 62507
List the prime factors of 1656014508.
2, 3, 71, 647893
List the prime factors of 157739566.
2, 17, 23, 43, 4691
What are the prime factors of 291455076?
2, 3, 11, 2207993
What are the prime factors of 329437634?
2, 12491, 13187
List the prime factors of 549679761.
3, 61075529
What are the prime factors of 1206617519?
1206617519
What are the prime factors of 21752752?
2, 7, 167, 1163
What are the prime factors of 790985108?
2, 569, 347533
List the prime factors of 905837420.
2, 5, 45291871
What are the prime factors of 34448752?
2, 13, 29, 5711
What are the prime factors of 2302182634?
2, 911, 1263547
List the prime factors of 325402048.
2, 5084407
What are the prime factors of 1803877918?
2, 59, 15287101
List the prime factors of 7823855.
5, 13, 47, 197
What are the prime factors of 1998628341?
3, 17, 823, 2801
List the prime factors of 92473233.
3, 3167, 9733
List the prime factors of 24583690.
2, 5, 2458369
What are the prime factors of 2190570595?
5, 47, 9321577
What are the prime factors of 3613751024?
2, 13, 797, 21799
List the prime factors of 3174132443.
3174132443
What are the prime factors of 3107476343?
173, 17962291
List the prime factors of 62350242.
2, 3, 97, 149, 719
What are the prime factors of 66906191?
11, 6082381
List the prime factors of 4179939194.
2, 109, 19174033
What are the prime factors of 4279019307?
3, 971, 1468939
List the prime factors of 2504647778.
2, 4643, 269723
List the prime factors of 158220673.
13, 367, 2551
What are the prime factors of 2404914?
2, 3, 277, 1447
List the prime factors of 728583168.
2, 3, 487
List the prime factors of 2299979717.
7, 83, 3958657
List the prime factors of 1015713532.
2, 73, 3478471
What are the prime factors of 3263829009?
3, 7, 3187, 48767
What are the prime factors of 40389980?
2, 5, 89, 22691
List the prime factors of 23768080.
2, 5, 7, 42443
List the prime factors of 1178568322.
2, 313, 881, 2137
What are the prime factors of 1279057330?
2, 5, 127905733
What are the prime factors of 473373155?
5, 4133, 22907
What are the prime factors of 4692867392?
2, 151, 485603
List the prime factors of 28168750.
2, 5, 4507
What are the prime factors of 17475632?
2, 29, 3766